126 + -3025458?
-3025332
In base 5, what is 20 + 102231013?
102231033
In base 11, what is -5187 - 1228a?
-17466
In base 10, what is 1471704 + -28?
1471676
In base 4, what is -233 + 23332220?
23331321
In base 2, what is 1001110 - 11110100100101?
-11110011010111
In base 8, what is -2 - 5150665?
-5150667
In base 2, what is -110000111 - 11001001000111101100?
-11001001001101110011
In base 5, what is 3 + -4131201333?
-4131201330
In base 11, what is -5a549 + -207?
-5a755
In base 8, what is -4462 - 57506?
-64170
In base 13, what is 35b09 - 4a48?
31091
In base 6, what is 2401 + -54130?
-51325
In base 10, what is 127368 + -38?
127330
In base 11, what is -12 - 246664?
-246676
In base 14, what is 506 + -3867b?
-38175
In base 10, what is 915 + -29851?
-28936
In base 8, what is -7 + 273304113?
273304104
In base 4, what is 3 + -20303300222?
-20303300213
In base 9, what is -5 + 711355?
711350
In base 7, what is -2 - -113460400?
113460365
In base 9, what is -3 + -2414771?
-2414774
In base 4, what is -200331033033 - -1010?
-200331032023
In base 10, what is 1128 + 298333?
299461
In base 11, what is 11a9a030 + -16?
11a9a015
In base 6, what is 5131304551 - -11?
5131305002
In base 2, what is -111 + -100110011101001101010101110?
-100110011101001101010110101
In base 4, what is -121 - -1002303122?
1002303001
In base 13, what is -76ca - 3253?
-a950
In base 5, what is 31313 - -4232323?
4314141
In base 10, what is -69 - -5680656?
5680587
In base 15, what is 18d5726 + 0?
18d5726
In base 11, what is 3 - 32887205?
-32887202
In base 15, what is 1d814 - 65?
1d79e
In base 14, what is 139 + 332?
46b
In base 4, what is -12322311113230 - 12?
-12322311113302
In base 11, what is 171 - 3a1a5?
-3a034
In base 13, what is -2 - 3c257b?
-3c2580
In base 13, what is -4 - c5519?
-c5520
In base 13, what is -2007648 - -4?
-2007644
In base 4, what is -10121100121 - -20?
-10121100101
In base 12, what is 4a - -333031?
33307b
In base 6, what is 4055242 + 520?
4100202
In base 11, what is -9023 + 141?
-8992
In base 7, what is 100321 + -333?
66655
In base 10, what is 129443 - 12?
129431
In base 5, what is 3240 - -433023?
441313
In base 4, what is -1021103 - 20200303?
-21222012
In base 13, what is 6383aa - -37?
638414
In base 15, what is 67d29 - -169?
67e93
In base 16, what is 5 + -46a080?
-46a07b
In base 9, what is 4478 - -166134?
171623
In base 14, what is -6000919 + 9?
-6000910
In base 14, what is 0 + -293dc9?
-293dc9
In base 8, what is -137 - -17647524?
17647365
In base 7, what is 16451524 - 504?
16451020
In base 4, what is 313 - -110212233?
110213212
In base 5, what is -100113334 - -1?
-100113333
In base 15, what is -28ac - c00c?
-e8b9
In base 16, what is -52c070 - 9?
-52c079
In base 3, what is -122201 + 2121020202?
2120121001
In base 5, what is 0 - -114311213013?
114311213013
In base 7, what is -1556 - 32255?
-34144
In base 5, what is 10304 - -30211443?
30222302
In base 8, what is 4 + 1361233621?
1361233625
In base 15, what is 3d4 - 20c02?
-2081d
In base 8, what is 106 - -2052771?
2053077
In base 12, what is 52 + -2913aba?
-2913a68
In base 14, what is 63c - -236d?
29ab
In base 14, what is -1c12 - -290b?
ad9
In base 2, what is -100100001000 + -111100000111000?
-1000000101000000
In base 11, what is -592 - a8313?
-a88a5
In base 12, what is -2542 + -953?
-3295
In base 13, what is 905 - -183a?
2442
In base 6, what is -102 + 25442115?
25442013
In base 16, what is -6 - -2473d1f?
2473d19
In base 15, what is -7227 + 10ae?
-6168
In base 16, what is -3a - -1a418?
1a3de
In base 16, what is 507 - c5cd?
-c0c6
In base 12, what is 29110 - 6a?
29062
In base 11, what is 2 + 3a74677?
3a74679
In base 3, what is -2020110222 + -111222?
-2020222221
In base 14, what is b77 + -2a1?
8b6
In base 13, what is 20b748 + -34?
20b714
In base 11, what is -2023220 + -5a?
-202327a
In base 15, what is -933917 + -4?
-93391b
In base 5, what is -34010213233 + 3?
-34010213230
In base 14, what is 0 + -72a5a4?
-72a5a4
In base 11, what is -1 - 13622033?
-13622034
In base 7, what is 110 - 53040?
-52630
In base 12, what is 1 - 45801b9?
-45801b8
In base 8, what is 2625722505 - 3?
2625722502
In base 13, what is 166 - 172a?
-1594
In base 16, what is 1c + 989d7?
989f3
In base 7, what is 24 - 4323264?
-4323240
In base 11, what is -253052 + -505?
-253557
In base 2, what is 1101 - -1111000111111001?
1111001000000110
In base 11, what is 0 - 25a33818?
-25a33818
In base 2, what is -100 + 10001000011011111100010100?
10001000011011111100010000
In base 13, what is 6ab8ca + 28?
6ab925
In base 13, what is -4a2125 - -8b?
-4a2067
In base 8, what is 0 - -12636050?
12636050
In base 16, what is 27 + -8b2333?
-8b230c
In base 12, what is -5 - 213826a?
-2138273
In base 8, what is 321742052 - -4?
321742056
In base 12, what is -23689675 - -4?
-23689671
In base 4, what is -13033231203 - 111?
-13033231320
In base 8, what is 3 - -501016?
501021
In base 2, what is -10011 - 110101011000011000100001?
-110101011000011000110100
In base 4, what is 1033 + 12131321?
12133020
In base 10, what is -15628156 + -7?
-15628163
In base 4, what is -1 - -102013201132?
102013201131
In base 9, what is 25156 + 585?
25752
In base 7, what is 1 + 3655616512?
3655616513
In base 7, what is 11 - 350550?
-350536
In base 4, what is -100 - -202320121?
202320021
In base 3, what is -2112222121 - 11010210?
-2201010101
In base 7, what is -53 - -213213?
213130
In base 8, what is 32204004 + -505?
32203277
In base 6, what is 433231 + -254123?
135104
In base 16, what is 4617d2b + -2?
4617d29
In base 10, what is 184 - 76782?
-76598
In base 2, what is -10110111101011 + -101111110011?
-11100111011110
In base 10, what is 154 + 42537?
42691
In base 7, what is -205164621 + 0?
-205164621
In base 6, what is 11342532134 - 4?
11342532130
In base 16, what is 4 + 1338e349?
1338e34d
In base 6, what is 41001253451 - 1?
41001253450
In base 4, what is -2133 - 2020302?
-2023101
In base 5, what is -1140 + 2004121?
2002431
In base 6, what is -244 - -2245002?
2244314
In base 8, what is -3 - 732776500?
-732776503
In base 13, what is -1 + 558ba2?
558ba1
In base 16, what is cd9f8 + 3?
cd9fb
In base 10, what is -281871134 - -2?
-281871132
In base 4, what is 12021 - 2322332333?
-2322320312
In base 12, what is 22b6 + 326a?
5564
In base 16, what is -86ca8 + 7?
-86ca1
In base 10, what is -159624850 - -1?
-159624849
In base 8, what is 0 - 10674421?
-10674421
In base 12, what is 6607 - -31a?
6925
In base 4, what is -200033 - -3103010?
2302311
In base 7, what is -3230244334 + -11?
-3230244345
In base 10, what is -5 + -2261383?
-2261388
In base 8, what is 17140271 + -20?
17140251
In base 11, what is -4 + a88a115?
a88a111
In base 16, what is -30 - -2a8df?
2a8af
In base 4, what is -121 - -1212002201212?
1212002201031
In base 6, what is 344042005 + 3?
344042012
In base 5, what is 430301 + -1301?
424000
In base 15, what is 108 + -1a291?
-1a188
In base 15, what is -6 + 53e718?
53e712
In base 11, what is 41 - 2662a2?
-266261
In base 6, what is 11 + 4553334214?
4553334225
In base 5, what is 113 - -2123420131?
2123420244
In base 4, what is 313032223 + 33000?
313131223
In base 8, what is 6270464251 + 3?
6270464254
In base 4, what is -110113121 - -2012120?
-102101001
In base 7, what is -6 - 12226220?
-12226226
In base 15, what is 1ab0a1 - b?
1ab095
In base 12, what is 5 + 1b3a042?
1b3a047
In base 8, what is 10042406 + 115?
10042523
In base 6, what is -2432 + -1542042?
-1544514
In base 15, what is 12749eb - -2?
12749ed
In base 15, what is -292836 + a8?
-29277d
In base 2, what is -10100011100110 + 101010100110010110?
101000000010110000
In base 13, what is 5267a35 + -6?
5267a2c
In base 16, what is 4670 + -36?
463a
In base 7, what is -12464026 - -4?
-12464022
In base 15, what is -c59 - 1d1?
-e3a
In base 7, what is 6405243 - 14?
6405226
In base 14, what is 6d84d - 9c?
6d791
In base 12, what is -574888 + 27?
-574861
In base 2, what is 101 - -10011100001110011101000010?
10011100001110011101000111
In base 16, what is -14633 - d16?
-15349
In base 11, what is -1633a - -184a?
-145a0
In base 7, what is 1331322 + 31?
1331353
In base 6, what is 152 - 31244520?
-31244324
In base 14, what is -16 + -c475a?
-c4772
In base 5, what is 10142421 - 133?
10142233
In base 16, what is -2a17d - -832?
-2994b
In base 9, what is -484 + 53462?
52867
In base 8, what is 17